 - -14. Let u = 42 - m. What is the remainder when n is divided by u?
11
Let b be (-5551)/(-21) - (-2)/(-6). Suppose 114*d - b = 112*d. Calculate the remainder when d is divided by 23.
17
Let g = -14098 + 14195. What is the remainder when 236 is divided by g?
42
Suppose 2*z + 8 = 0, -3*q = 3*z - 72 + 3. Suppose -3*r = 9, -3*u = -4*u - 2*r + 50. Calculate the remainder when u is divided by q.
2
Let p(b) = 3*b**2 - 92*b - 56. Let h be p(31). Let y = h - -63. Calculate the remainder when y is divided by 20.
18
Suppose -3*m + 31*q = 26*q + 272, 3*m = -q - 302. Let f = m - -111. What is the remainder when 43 is divided by f?
7
Suppose -5*y = -2*u - 29, 3*u + u = 12. Let a = 0 + 24. Suppose a*l - 683 = -83. Calculate the remainder when l is divided by y.
4
Let c(g) = 4*g**2 - 53*g - 23. Let z(f) = f**2 - 13*f - 6. Let w(u) = 2*c(u) - 9*z(u). What is the remainder when 77 is divided by w(0)?
5
Let j(p) = 3*p + 25. Let n(o) = -2*o**3 + o + 4. Let b be n(2). Let r be j(b). Let f = 17 - r. What is the remainder when 43 is divided by f?
21
What is the remainder when -6 + 652 - -10*(-3)/15 is divided by 18?
14
Let y(a) = -47*a - 2286. What is the remainder when 8005 is divided by y(-49)?
15
Suppose 5*q - 50 = -4*f, -31*q + 27 = -29*q + 3*f. Let b = 85 - 157. Let d = q - b. Calculate the remainder when d is divided by 8.
6
Suppose 0 = 14*v - 17*v + 15, -3*w + 4*v + 31 = 0. Calculate the remainder when 1386 is divided by w.
9
Suppose -18*l + 17*l = 32. Calculate the remainder when (6 + -2 + l)*(4 - 5) is divided by 15.
13
Let z = 39 + 175. Let k = z + -156. What is the remainder when k is divided by 30?
28
Suppose q = -3*l + 17, -43*l = -5*q - 42*l + 117. Calculate the remainder when 5699 is divided by q.
18
Suppose 3*x - 7*x = q - 18, 5*x = 2*q - 23. Let c(o) = 5*o - 2. What is the remainder when 126 is divided by c(q)?
58
Calculate the remainder when (-38 - -29) + (-16 - -1296) is divided by 273.
179
Suppose 78 = -4*b - 5*f + 15, -b = -5*f + 47. Let c = b + 46. Suppose -7*w - 25 = -12*w. Calculate the remainder when c is divided by w.
4
Suppose 7*z - 11401 + 11212 = 0. What is the remainder when 261 is divided by z?
18
Let n(g) = 2*g**3 - 11*g**2 - 10*g + 20. Let u be n(6). Let b be ((-7)/3 + 1)/(u/(-6)). Calculate the remainder when 5373/81 + b/3*-1 is divided by 23.
21
Let m = -33761 + 33832. Calculate the remainder when 438 is divided by m.
12
Suppose -5*g = -90 + 20. Suppose -8*w + 24 = -2*w. Suppose 12 = w*n + 4*h, n + 3*h = -0*n - 1. What is the remainder when g is divided by n?
4
Suppose -20*n = 251*n + 74*n - 11730. Suppose 3*y = x - 14, -14 = x + 2*y + 2*y. What is the remainder when n is divided by x?
0
Let r be 4*(-1 + (-19)/(-4)). Suppose 6*t + 4254 = 4452. Suppose -5*f = -5*z - r, f + 4*z - t = -z. Calculate the remainder when 30 is divided by f.
6
Suppose -i - 12 - 17 = 3*p, i + 25 = -p. Let t = i + 25. Suppose -n - 4*j + 31 = 0, n - 3*j + t = 19. What is the remainder when n is divided by 5?
3
Let s(k) = -3*k**2 + 4*k + 6. Let r(u) = 10*u**2 + 13*u + 19 - 10*u**2 - 10*u**2. Let i(q) = 2*r(q) - 7*s(q). What is the remainder when i(8) is divided by 13?
5
Let l(r) = -2*r - 11. Suppose 330 = 16*n - n. Let m = -40 + n. Calculate the remainder when 149 is divided by l(m).
24
What is the remainder when (-2)/(-15) - 363052/(-510) is divided by 144?
136
Suppose -616*b = y - 621*b - 2721, 4*y + 3*b - 11045 = 0. Calculate the remainder when y is divided by 31.
28
Let i = 4959 + -4437. Calculate the remainder when i is divided by 175.
172
Suppose 4*v + 8 = 0, 4*b = -0*v - 2*v + 524. Calculate the remainder when b is divided by 59.
14
Let x = -2 - 0. Let k be (-2 - x)*(2 + -3 - -2). Suppose -5*w + 213 = 4*u, k = -6*w + 3*w - 4*u + 131. What is the remainder when 161 is divided by w?
38
Let m(p) = 2*p**3 - 35*p**2 + 5*p - 3. Let j be m(17). Let n = -144 - j. Suppose 3*v - 63 - 36 = 0. What is the remainder when n is divided by v?
30
Let y(c) = 82*c**2 - 16*c - 30. Calculate the remainder when y(-2) is divided by 195.
135
Suppose -23666 - 38617 = -39*t. What is the remainder when t is divided by 8?
5
Suppose g = 7*g - 24. Let p(r) = r**2 - 2*r - 6. Let s be p(g). Suppose -v + 9 = -s*a, 2*v + 0*a = -a - 2. Calculate the remainder when 1 is divided by v.
0
Suppose -61*w = -56*w - 20, 5*x = -3*w + 597. Calculate the remainder when x is divided by (-4)/18 - (-1720)/45.
3
Suppose -3*h - 658 + 706 = 0. Suppose 4*s + c - 37 = 3*s, -4*c = -h. What is the remainder when s is divided by (-66)/(-14) - (-4)/14?
3
Suppose -i + 5*k + 12 = 0, 19*i - 16*i + k = -12. What is the remainder when 145 is divided by -79*i/6 - 6/(-4)?
22
Let u = -7493 - -7537. Calculate the remainder when 258 is divided by u.
38
Suppose -210*c + 477*c - 1020 = 216*c. Suppose -o + 6 = -0*o. Let k(g) = 14*g - 9. What is the remainder when k(o) is divided by c?
15
What is the remainder when 15/9*(9 - (-1 - (7 + 4))) is divided by 4/(-6) + 295/15?
16
Let y = -14892 - -26104. What is the remainder when y is divided by 126?
124
Let t = 222 - 164. Suppose 0 = 4*y - 5*l - t, -4*l + 9 - 77 = -5*y. What is the remainder when 34 is divided by y?
10
Let z = 182 - 314. Let a = -117 - z. Suppose s + 4*p - 48 = 0, p - 2 = -s + 31. Calculate the remainder when s is divided by a.
13
Suppose -1611*a = 2*y - 1610*a - 13015, 3*a - 19515 = -3*y. What is the remainder when y is divided by 2168?
6
Suppose 22*w = 25*w + 12. What is the remainder when 674 is divided by 10/w + 1744/32?
50
Suppose -3*r - 7 = -4*z, 6*r - 4*z = 2*r - 12. What is the remainder when 164 is divided by (0 - -114)*((-48)/(-9) + r)?
12
Let s(r) = r**3 - 7*r**2 - 19*r + 26. Let c be s(8). Let m = 69 + c. Suppose -5*x - m*x = -168. What is the remainder when x is divided by 9?
5
Let q(d) = -64*d. Let n be 1*(-4 - 1) + 7. What is the remainder when q(-2) is divided by (-2 - 4 - -42) + (n - 5)?
29
Let i(p) = 4*p + 81. What is the remainder when 865 is divided by i(-19)?
0
Let y(i) be the third derivative of 1/4*i**4 + 1/60*i**5 + 0*i + 2*i**3 + 46*i**2 + 0. What is the remainder when 12 is divided by y(-4)?
0
Let q be -177 - ((-30)/(-24))/((-3)/12). Let y = 344 + q. Calculate the remainder when y is divided by 55.
7
Let k(t) = t**3 + 11*t**2 - 25*t - 84. Let v be k(-14). Let a = -33 + -184. Let b = a - v. What is the remainder when b is divided by 54?
51
Let m = 97 - -30. What is the remainder when m is divided by 6?
1
Let s(y) = 2*y**2 + 59*y - 1099. Calculate the remainder when s(-49) is divided by 74.
72
Suppose 40*h = 38*h + 4*a + 318, 4*h - 671 = a. Calculate the remainder when h is divided by 91.
78
Let x be 2072/5 - (69/(-15) + 5). Suppose 4*w - 5*l - 27 = -4*l, -21 = -3*w + l. What is the remainder when ((-3)/((-9)/2))/(12/x) is divided by w?
5
Suppose -10 = 5*z, -3*z + 2*z + 148 = 2*n. Suppose 0 = -0*i - i. Let q = i + 26. What is the remainder when n is divided by q?
23
Let b(w) = -3*w - 7. Let o be b(-5). Let q(y) = -12 - 2*y - 3*y**3 - 3*y**2 - 6*y**3 + o*y**3 - y. Calculate the remainder when q(-5) is divided by 11.
9
Calculate the remainder when (-2 - 1)/((9/44)/(-3)) is divided by 32/20*(-175)/(-10).
16
Let d be ((-284)/6)/(-2)*3. Suppose 49 + d = 4*b. Calculate the remainder when 536/6 - 1/3 is divided by b.
29
Let k be 128/20 + -1 - 4/10. Suppose -k*q + 30 = 3*m - 2*q, 0 = 4*m + 2*q - 30. Suppose -70 = -m*t + 55. What is the remainder when t is divided by 16?
9
Let b = 15 + -12. Suppose 4*i = -i + b*n + 36, 0 = n - 3. Let t(u) = u**3 - 2*u**2 + 4*u - 4. Calculate the remainder when t(3) is divided by i.
8
Suppose 34*b + 46*b = 90*b - 140. What is the remainder when 79 is divided by b?
9
Suppose 0 = 5*d - 1 - 34. Let k = -45 + 115. Let f = 86 - k. Calculate the remainder when f is divided by d.
2
Suppose 5*j + 2*d - d = 40, 42 = 3*j - 3*d. Suppose -103 + 22 = -j*x. Suppose -2*f = x - 55. Calculate the remainder when 134 is divided by f.
19
Let g(p) = 7*p - 19. Let i be g(5). Suppose 2*c - i = 150. Let m = c - 79. What is the remainder when 37 is divided by m?
1
Let a(o) = -o + 2. Let r(f) = 14*f - 182. Let h(v) = -4*a(v) - r(v). What is the remainder when 60 is divided by h(14)?
26
Let x be (-44)/33*(-15)/(-8)*10. Let f = x + 25. Suppose f = -5*u + 193 - 73. Calculate the remainder when 92 is divided by u.
20
Let b = -3235 + 490